s 110966531 a multiple of 17?
True
Is 97296400 a multiple of 50?
True
Is 44 a factor of 19087772?
True
Does 4074 divide 640120374?
False
Is 13 a factor of 959827076?
True
Is 41 a factor of 13127913?
True
Does 235 divide 1286946950?
True
Is 75712730 a multiple of 2676?
False
Is 383197848 a multiple of 14718?
True
Is 726253588 a multiple of 47?
True
Is 6 a factor of 215606581?
False
Does 863 divide 1021467129?
False
Is 20097700 a multiple of 79?
False
Is 20736810 a multiple of 10?
True
Does 205 divide 315365460?
False
Is 52858974 a multiple of 898?
True
Is 13853712 a multiple of 136?
False
Does 48 divide 62037804?
False
Is 473523200 a multiple of 32?
True
Is 300 a factor of 209162037?
False
Is 16 a factor of 259244341?
False
Is 23154659 a multiple of 70?
False
Is 327 a factor of 700437924?
True
Is 535218009 a multiple of 53?
True
Is 657 a factor of 260606351?
False
Is 55 a factor of 403370?
True
Is 23 a factor of 147458819?
True
Does 2051 divide 20411552?
True
Is 11 a factor of 196848753?
False
Is 101 a factor of 42247929?
False
Is 313 a factor of 8055587446?
False
Does 241 divide 1090634465?
False
Is 280686112 a multiple of 98?
True
Is 355621066 a multiple of 4170?
False
Is 21 a factor of 15481263?
True
Is 60221640 a multiple of 732?
True
Is 600031912 a multiple of 44?
False
Does 274 divide 165249748?
False
Is 2211517037 a multiple of 69?
False
Is 1603460840 a multiple of 49?
False
Is 85713908 a multiple of 6?
False
Does 185 divide 40305765?
True
Does 1033 divide 18062731?
False
Is 16 a factor of 13150304?
True
Is 59550784 a multiple of 21?
False
Is 10 a factor of 7851860?
True
Is 578716317 a multiple of 2967?
True
Is 2263132066 a multiple of 39?
False
Is 94171388 a multiple of 278?
True
Does 3 divide 2188811?
False
Is 189 a factor of 65832917?
False
Is 7 a factor of 53763346?
True
Does 762 divide 510499460?
False
Is 1638829626 a multiple of 14?
True
Does 18 divide 5377361?
False
Does 2209 divide 910659957?
False
Is 523464282 a multiple of 3?
True
Is 3182980150 a multiple of 5918?
False
Does 8 divide 99384034?
False
Is 38942230 a multiple of 2?
True
Is 2712006 a multiple of 11?
True
Is 341 a factor of 8786547?
True
Is 13 a factor of 31051262?
False
Does 65 divide 182514432?
False
Is 3201162440 a multiple of 35?
True
Is 84 a factor of 6057072?
True
Is 4659345 a multiple of 324?
False
Is 2743 a factor of 495777296?
False
Is 299 a factor of 10549481?
False
Is 1850 a factor of 988029233?
False
Is 33 a factor of 493362573?
True
Is 4507320 a multiple of 15?
True
Is 5 a factor of 26518522?
False
Is 3466874 a multiple of 10?
False
Is 19018400 a multiple of 16?
True
Is 648380656 a multiple of 91?
False
Is 37513575 a multiple of 10?
False
Does 231 divide 12083841?
True
Is 9363655 a multiple of 706?
False
Does 62 divide 4640018?
True
Is 19988988 a multiple of 30?
False
Is 501 a factor of 506612361?
False
Is 2185 a factor of 1204533690?
True
Is 123 a factor of 41754865?
False
Is 2531139100 a multiple of 1204?
True
Is 106880598 a multiple of 6512?
False
Is 211 a factor of 794985035?
False
Is 38 a factor of 126439012?
False
Is 39 a factor of 131479423?
False
Is 1240570 a multiple of 3?
False
Is 347862982 a multiple of 139?
False
Does 1017 divide 38727360?
True
Is 52296111 a multiple of 7?
True
Is 351 a factor of 335135098?
False
Is 16 a factor of 8569869?
False
Does 23 divide 4892199751?
True
Does 681 divide 1048629678?
True
Is 90 a factor of 827553267?
False
Is 2 a factor of 78167861?
False
Is 68735350 a multiple of 38?
True
Does 499 divide 5558361?
True
Does 2527 divide 183351539?
True
Does 804 divide 7961605?
False
Does 231 divide 32591732?
False
Does 6 divide 294328770?
True
Does 23 divide 25971830?
True
Does 5 divide 20594236?
False
Is 1990794977 a multiple of 40?
False
Is 4130 a factor of 1720033490?
True
Is 618 a factor of 110401097?
False
Is 237187985 a multiple of 13?
False
Is 53828025 a multiple of 936?
False
Is 4800 a factor of 659741525?
False
Does 6015 divide 748612078?
False
Does 3 divide 250906477?
False
Is 33506980 a multiple of 260?
True
Does 254 divide 844916014?
True
Does 8 divide 87730192?
True
Is 2838 a factor of 1992276?
True
Is 400 a factor of 1176418086?
False
Is 114 a factor of 111509383?
False
Is 730109660 a multiple of 826?
True
Is 2944746 a multiple of 3?
True
Is 5066376 a multiple of 12?
True
Is 103 a factor of 90627476?
False
Is 408332132 a multiple of 13?
True
Does 64 divide 130761600?
True
Does 62 divide 3860715?
False
Is 1247045548 a multiple of 7?
True
Does 30 divide 141258150?
True
Does 427 divide 6107938744?
False
Is 1023157668 a multiple of 243?
False
Is 26 a factor of 226914733?
False
Is 254982 a multiple of 38?
False
Is 1228326358 a multiple of 115?
False
Does 21 divide 358640331?
True
Is 15127826 a multiple of 7?
True
Does 162 divide 17155800?
True
Is 24825524 a multiple of 266?
False
Is 363598278 a multiple of 38?
False
Does 7 divide 36368678?
False
Is 104011383 a multiple of 321?
True
Does 29 divide 11539035?
False
Is 22221100 a multiple of 50?
True
Is 641 a factor of 26629098?
False
Is 4 a factor of 477236232?
True
Is 474 a factor of 3186416574?
False
Does 25 divide 826259712?
False
Does 68 divide 397525479?
False
Is 2443669054 a multiple of 247?
False
Is 353646486 a multiple of 127?
True
Does 14 divide 3980759876?
False
Is 740732272 a multiple of 244?
True
Is 733742778 a multiple of 753?
True
Is 189702205 a multiple of 373?
True
Is 275 a factor of 1137125?
True
Is 3337736350 a multiple of 50?
True
Is 475 a factor of 39522375?
True
Does 6 divide 138475663?
False
Is 2516 a factor of 450243709?
False
Is 1359916928 a multiple of 89?
False
Is 2274 a factor of 5537190?
True
Is 52 a factor of 20256386?
False
Is 12 a factor of 134901480?
True
Does 5 divide 6530330?
True
Does 39 divide 18185778?
True
Is 21814796 a multiple of 1817?
False
Is 12548864 a multiple of 32?
True
Is 571993736 a multiple of 244?
False
Does 6 divide 3741562?
False
Does 613 divide 10175187?
True
Is 25112832 a multiple of 151?
False
Is 19799995 a multiple of 185?
True
Does 1363 divide 3583569?
False
Is 72 a factor of 2464815814?
False
Is 152 a factor of 161873920?
True
Is 801655313 a multiple of 23?
False
Is 14019504 a multiple of 16?
True
Is 2864 a factor of 529668160?
True
Does 677 divide 5080167249?
False
Is 2375491968 a multiple of 3618?
True
Is 514 a factor of 23872784?
False
Is 396335104 a multiple of 22?
True
Is 220 a factor of 18195145?
False
Is 351703944 a multiple of 3996?
True
Is 233811106 a multiple of 1066?
False
Is 203926140 a multiple of 22?
True
Is 1051 a factor of 154277299?
False
Is 1349658 a multiple of 28?
False
Does 151 divide 1624005?
True
Is 6738773 a multiple of 245?
False
Is 854016174 a multiple of 207?
True
Is 13473792 a multiple of 4386?
True
Is 885 a factor of 10516346?
False
Does 21 divide 42320313?
True
Is 47084288 a multiple of 2108?
True
Is 586531540 a multiple of 14?
True
Does 94 divide 141273176?
False
Is 23261940 a multiple of 180?
True
Is 60 a factor of 16125429?
False
Is 39 a factor of 4170777?
True
Is 97 a factor of 7993352?
False
Is 130 a factor of 21041323?
False
Is 25 a factor of 298116188?
False
Is 15 a factor of 5261723?
False
Is 1383 a factor of 5698176894?
False
Is 531 a factor of 12357890?
False
Is 173 a factor of 2128765?
True
Does 373 divide 453449759?
True
Does 1615 divide 912650045?
False
Is 15304968 a multiple of 42?
True
Is 2261 a factor of 58488503?
False
Is 187719315 a multiple of 9?
False
Is 43 a factor of 90416627?
False
Is 56378549 a multiple of 529?
False
Is 19020898 a multiple of 73?
False
Does 67 divide 68033646?
False
Does 40 divide 3014480?
True
Is 1664334 a multiple of 42?
True
Does 254 divide 1912566350?
False
Is 27304676 a multiple of 1162?
True
Does 72 divide 1425469176?
True
Is 137 a factor of 4010675?
True
Does 628 divide 12149916?
True
Is 193201315 a multiple of 196?
False
Is 108987840 a multiple of 410?
True
Does 1449 divide 1266386877?
True
Is 1427525 a multiple of 2?
False
Does 308 divide 146489267?
False
Is 235 a factor of 37703635?
True
Is 162003044 a multiple of 17?
False
Is 25135750 a multiple of 23?
False
Is 17010595 a multiple of 2074?
False
Is 55 a factor of 61505141?
False
Is 167482891 a multiple of 153?
False
Does 22 divide 156303994?
True
Is 168457142 a multiple of 9